 - d. What is the units digit of t?
6
Let r = -16 + 53. What is the units digit of r?
7
Suppose s + 7 = -3*n + 74, 3*n - 73 = 2*s. Suppose -2*h = n - 141. What is the units digit of h?
9
Let i = -25 + 33. What is the units digit of 10/1*i/20?
4
What is the hundreds digit of (8488/6)/(404/303)?
0
Suppose 8955 = 15*s - 4590. What is the units digit of s?
3
Let g be (-54)/(-72) + 2/((-8)/(-21)). Let y(u) = 12*u - 17. What is the tens digit of y(g)?
5
Let i(u) = 10*u**2 + 20*u**2 - 8*u**2 - 1. Let x = 4 - 5. What is the tens digit of i(x)?
2
Let u(m) = 15 - 1 + 5*m + 20. What is the hundreds digit of u(18)?
1
Suppose 119*g - 4864 = 115*g. What is the units digit of g?
6
Let u = 2 - 2. Suppose -4*z = -m - 169, -1 = m - u*m. What is the tens digit of z?
4
Let p = -8 - 7. Suppose -5*l - 2*b = 33 + 31, -5*b = 5*l + 70. Let c = l - p. What is the units digit of c?
3
What is the units digit of 246*2*(1 + (-11)/22)?
6
Let l(o) = 8*o**2 - 28*o + 1. Let r be l(5). Let z be 103/(-5) - (-4)/(-10). Let u = z + r. What is the tens digit of u?
4
Let d(v) = 11*v**3 - 2*v**2 + 2*v + 1. Let k be d(1). Suppose 0 = t + 2*t + k, -t + 259 = m. What is the tens digit of m?
6
Let l(v) = -32*v + 20. Let d be l(-3). Suppose 0 = -h - 8 + d. What is the units digit of h?
8
Let l = 1717 - 933. What is the tens digit of l?
8
Suppose -52*r + 81721 = -15935. What is the units digit of r?
8
What is the hundreds digit of (-66)/(-11) - (-2 - 6507 - 1)?
5
Suppose -3726 = -23*c + 5*c. What is the units digit of c?
7
Let q(u) = 6*u**2 - 1. Let c be q(-1). Suppose -j - 8 = -c*j. What is the tens digit of (-140)/j*(-3)/6?
3
Let l = -2949 - -4909. What is the tens digit of l?
6
Let w be 21/6*(-2)/14*-386. What is the hundreds digit of 3 + (1 - 5) + w?
1
Let b(g) = 4*g + 1. Let a(k) = -8*k - 2. Let p(o) = -2*a(o) - 5*b(o). Let h = 10 + -16. What is the units digit of p(h)?
3
Suppose 2*r - 5*w = 4382, 134*r = 135*r - w - 2191. What is the units digit of r?
1
Let v(g) = g + 9. Let f be v(-4). Suppose y - 4322 + 381 = 2*q, -5*y - f*q = -19780. What is the tens digit of 1/8 - y/(-72)?
5
Suppose -3*j + 25057 = 5*x, 0 = -5*j - 5 - 0. What is the units digit of 16/152 + x/38?
2
Let r(v) = -v**3 + 9*v**2 - 7*v - 4. Let k be r(8). Suppose 4*w = n + 5*w - 56, 0 = -4*w - k. What is the units digit of n?
7
Let r be 12*3/14*(-2618)/(-33). Suppose -2*d - 3*y = -598 + r, 394 = 2*d - 4*y. What is the tens digit of d?
9
Suppose -92 = 5*y + 3*j, 99 = -5*y + 3*j + j. Let i = y - -16. What is the units digit of (2 + 1)*(-9)/i?
9
Suppose 2*v = -2*j - 2, 0 = 4*v + 7*j - 2*j + 8. What is the tens digit of (v - 4 - -73) + -2?
7
Suppose -31994 - 15198 = -17*g. What is the hundreds digit of g?
7
Let g(o) = -2*o**2 + 6*o + 30. Let s be g(13). Let f = s + 353. What is the hundreds digit of f?
1
Let b(q) = -3*q**2 + 2*q + 4. Let j be b(3). Let g = -14 - j. What is the units digit of (10 - (-3)/g) + -2?
9
Suppose -2*n + 5*p = 2*n - 12, -5*n + 15 = 2*p. Suppose n*b - 20 = -2*b. Suppose -5*t + t - 60 = -b*u, -4*u - 5*t + 60 = 0. What is the tens digit of u?
1
Let p(d) = 2*d**2 + 3*d - 2. Let v be p(-3). What is the units digit of 82 - (-4)/(v + -3)?
3
Let b(r) = -r**3 + 7*r**2 + 5*r + 7. Let v be b(7). Let o = 21 - v. Let p = o - -27. What is the units digit of p?
6
Let m(j) = -j**3 - 6*j**2 - 19*j - 6. Let n = 40 - 44. What is the tens digit of m(n)?
3
Suppose -5*q = -2*q - 9. Suppose 2*l = -n + 3, 2*n + q*n = -l + 24. What is the units digit of n?
5
Let c be ((-1)/2)/((-1)/2). Let s(o) = 75*o**3 - 2*o**2 - o + 2. What is the tens digit of s(c)?
7
Suppose -2*i + 933 + 223 = 2*n, 3*n = 3. What is the units digit of i?
7
Let s be 18/9 - (1 + -3). Suppose -78 = -w + s*w. Let j = -19 - w. What is the units digit of j?
7
Suppose 2*t + 14933 + 11477 = 5*w, 0 = 4*w + 3*t - 21151. What is the tens digit of w?
8
Let q = -1159 - -1634. What is the tens digit of q?
7
Let m be 2*4/(-16)*-6. Suppose 2*u = m*u - 16. Suppose 0*f = f - u. What is the units digit of f?
6
Suppose 3*u = 4*m + 9 + 25, -5*m - 29 = -3*u. What is the units digit of (-1614)/(-14) + u/(-63)?
5
Let b = -10 + 19. Suppose 0 = -q + 2*q - b. Let s = -5 + q. What is the units digit of s?
4
Let u = -4669 - -8018. What is the units digit of u?
9
Let u(g) = -g**2 + 93*g - 190. What is the units digit of u(57)?
2
Let h(c) = c**2 + 3*c - 4. Let o be h(-5). What is the tens digit of ((-2)/o)/((-16)/2064)?
4
Suppose 5*z + 2*l = 613, -5*l + 5 + 15 = 0. Suppose z*n = 118*n + 618. What is the hundreds digit of n?
2
Suppose -c = 6 - 3, 5*c - 15204 = -3*l. What is the hundreds digit of l?
0
Suppose 2*i = -h - 1, 4*i - 3*h + h = 18. Suppose -i*k = -135 - 139. What is the tens digit of k?
3
Let v(b) = 265*b**3 - b**2 + 1. Let d(o) = 530*o**3 - 2*o**2 - o + 3. Let c(m) = 4*d(m) - 7*v(m). What is the hundreds digit of c(1)?
2
Let j = -206 - -178. Let h(m) = -4*m**2 - 4*m + 4. Let k be h(3). Let y = j - k. What is the units digit of y?
6
Let o(j) be the second derivative of 13*j**4/24 - j**3/6 - 5*j**2/2 + 8*j. Let q(l) be the first derivative of o(l). What is the units digit of q(1)?
2
Let j(a) = -a + 13. Let n(o) = 12*o**3 + o**2 - 2*o + 1. Let x be n(1). What is the units digit of j(x)?
1
Let o(u) be the second derivative of u**5/20 + 7*u**4/12 - 4*u**3/3 + 3*u**2/2 + 2*u. Let v be o(-8). Suppose -v*b + 112 + 14 = 0. What is the units digit of b?
2
Suppose -12*g + 10*g = 2*h - 540, 5*h = -3*g + 1358. What is the tens digit of h?
7
Suppose -1736 = -5*v + 3*k, -3*k = -v + 2*v - 340. What is the units digit of v?
6
Let o(n) = n**3 - 4*n**2 - 6*n + 2649. What is the hundreds digit of o(0)?
6
Suppose m = -3*x + 8, -6 = -3*x - 2*m - m. Suppose x*h + 2 + 64 = 0. Let c = -16 - h. What is the units digit of c?
6
Let w(c) = -63*c + 22. Let a be w(-15). Suppose -265 = 5*f - 2*n - a, 0 = 2*n - 8. What is the tens digit of f?
4
Let k(g) = -g**3 - 7*g**2 + 19*g + 11. Let r be k(-9). Suppose r*w = -v + 190, 4*w + 9*v = 4*v + 392. What is the tens digit of w?
9
Let u = -47 - -53. Suppose -a = -u*a + 695. What is the tens digit of a?
3
Let r = 38 - 6. Let p = -2 - -5. Suppose k - r - 6 = 2*l, -4*k - p*l = -97. What is the units digit of k?
8
Let q(i) = i + 21. Let j(x) = x + 15. Let k be j(-17). What is the units digit of q(k)?
9
Suppose 131 = 3*z + 455. Let c be (-1)/((-322)/z + -3). Suppose 2*j = 5*j - c. What is the units digit of j?
8
Let u(j) be the third derivative of -5*j**4/6 - j**3 - 12*j**2. What is the tens digit of u(-3)?
5
Let o be ((-8)/(-10))/((-6)/(-45)). What is the units digit of (-1 - -2)/(o/138)?
3
Suppose 14*u - 9 = 47. What is the units digit of u?
4
Let i = -6 + 10. Suppose -i*n - 42 + 150 = 0. What is the units digit of (2/3)/(9/n)?
2
Let t(y) be the second derivative of 5*y**4/12 + y**3 + 3*y**2/2 - 40*y. What is the tens digit of t(-5)?
9
Let i(y) = 5*y**3 - 11*y**2 + 16*y - 45. What is the thousands digit of i(8)?
1
Let c = 9 + -7. Suppose -2*p + 488 = c*p. What is the tens digit of p?
2
Suppose -3*v - o + 163 = 0, 3*v - 2*o = -2*v + 279. Let k = -22 + v. What is the units digit of k?
3
Suppose 4*x = 11*x - 49. Suppose -u - 3*t + 28 = 0, -2*u + 4*t = x*t - 68. What is the units digit of u?
0
Suppose 0 = -2*f - 7*f + 2160. What is the tens digit of f?
4
Let r be 1/(-2) - (-10)/20. Suppose r = 2*w - 1 - 3. What is the units digit of (-2 - (-1 + -3)) + w?
4
Let w = 727 + -187. Let l = w - 384. What is the units digit of (-2 + l/(-8))*-2?
3
Let g be (-5 - -15)*5/2. Suppose 11 = -3*p - g. What is the units digit of (-92)/(-6) + 4/p?
5
What is the tens digit of (69/12 - 1)/(4/80)?
9
Let z be 1244/10 - (-9)/15. Suppose -3*b - z = -u, b - 6*b - 359 = -3*u. What is the units digit of u?
3
Suppose -2*w = -7*w + 10. Suppose 4*j + w*d - 88 = 0, 3*j + 0*d = -2*d + 66. What is the units digit of j?
2
What is the hundreds digit of 29696/66 + (-34)/(-561)?
4
Let u = 71 + -69. What is the units digit of u?
2
Let l(d) = 119*d - 14. What is the units digit of l(1)?
5
Let y = -11 + 26. Suppose 5*c + 25 = 3*j, -2*c - c - y = j. What is the units digit of 10 + 1 + (c - -3)?
9
Let d = 8 - 16. What is the units digit of -71*-2*(12/d)/(-3)?
1
Let t = 16049 + -10199. What is the units digit of 2/(-9) - t/(-81)?
2
Suppose -2*o - n = -1157, -5*o + 14*n + 2855 = 9*n. What is the hundreds digi